 + t - 344050. List the prime factors of t.
7, 983
Let h(r) be the first derivative of r**3 - 39*r**2/2 + 167*r - 172. What are the prime factors of h(22)?
761
Let o be (3 + -2)/(52/(-224) + 9/24). Suppose -5*i = -3*w + 6, 0*w + 5*i - 36 = -3*w. Suppose w + 210 = o*v. What are the prime factors of v?
31
Let i(a) = 3*a**3 + 174*a**2 - 51*a - 56. List the prime factors of i(-58).
2, 1451
Let t(p) = 48*p**2 + 43*p - 147. List the prime factors of t(-9).
2, 3, 13, 43
Let y(d) = 267*d + 747. What are the prime factors of y(40)?
3, 13, 293
Suppose 4 = 3*a - 2*o, 8 = 15*a - 13*a - 4*o. Suppose -5*m - 2*z + 5498 = a, 2*m + 3*z = -0*z + 2197. What are the prime factors of m?
2, 5, 11
List the prime factors of (-4098991)/(-483) + (-15)/35 - 4/42.
2, 4243
Suppose 4914301 + 5686236 = 323*i. What are the prime factors of i?
37, 887
Let g be (-177)/(-24) - 6/16. Suppose 6132 = -g*r + 19*r. What are the prime factors of r?
7, 73
Let y = 100 + 45. Let d = y - 59. Suppose -59 = -j + d. List the prime factors of j.
5, 29
Let o(d) = d - 2. Let i(t) = 1. Let y(r) = -4*i(r) - o(r). Let f be y(-6). Suppose -4*s - s - f*z = -346, -3*s = 5*z - 218. What are the prime factors of s?
2, 3, 11
Suppose -b = 4*b. Suppose -s + 2 = -b*s. Suppose -n = -s*n + 22. List the prime factors of n.
2, 11
Let n(h) = 198*h**2 + 49*h + 40. What are the prime factors of n(-12)?
2, 6991
Let p(g) = g**3 - 7*g**2 + 12*g + 11. Let j be p(7). Let i = j - 66. Let k = 112 - i. List the prime factors of k.
83
Suppose -5255 = -3*k - 335. Suppose 92 - k = -12*i. List the prime factors of i.
3, 43
Let l(h) = 2*h**2 - 45*h - 2131. List the prime factors of l(-82).
43, 349
Let m be (-2)/(-5)*11325/30. Let j = 38 + m. What are the prime factors of j?
3, 7
List the prime factors of (-20)/1020 - 29709252/(-918).
32363
Suppose -883*a = -888*a + 5*h + 79855, -4*h = 28. What are the prime factors of a?
2, 13, 307
Suppose 4*o - o = -3*k + 186, 0 = -k - 1. Let r be o/(-5) - (-78)/130. List the prime factors of (-74*(-15)/(-18))/(4/r).
5, 37
Suppose -1825 - 10783 = -4*n. Suppose 5*y - 3*o = n, -y + 3*o + 691 - 63 = 0. What are the prime factors of y?
631
Let f(z) be the third derivative of z**5/20 - 10*z**3/3 - z**2 - 16*z. List the prime factors of f(9).
223
Suppose -2*r + 249 = -3*j, -5*r + 2*j + 0*j + 628 = 0. Let k = r + 106. List the prime factors of k.
2, 29
Let l(c) = 66*c**2 - 5*c - 8. Let j be l(4). Let k = j - 661. What are the prime factors of k?
367
Let i(a) = -a**3 + 53*a**2 - 545*a + 12. List the prime factors of i(38).
2, 13, 37
Let r(g) = 21*g**2 + 20*g + 46. List the prime factors of r(30).
2, 29, 337
Suppose -5*x = -y - 12, -4*y = 11 - 3. Suppose -x*v + 36 = 24. What are the prime factors of v/(-36) - 2270/(-12)?
3, 7
Let i(p) = -p**2 - 1. Let v(l) = 3*l**2 - 7*l + 12. Let g(b) = -6*i(b) - v(b). Suppose 38 - 10 = -4*u. List the prime factors of g(u).
2, 23
Let l(s) = -s**2 - 8*s - 27. Let n(v) = 3*v**2 + 25*v + 82. Let r(g) = -17*l(g) - 6*n(g). List the prime factors of r(-6).
3, 5
Suppose 4*d - 52400 = -22*q + 18*q, -26212 = -2*d - 5*q. List the prime factors of d.
2, 1637
Let w(a) = a**2 + 3*a - 29. Let u be (-25 + 27)*(-39)/(-2). Suppose u = 7*n - 38. List the prime factors of w(n).
5
Let y be (10/(-15))/(2/(-9)). Suppose -3*a = -8*a - 5*t + 1810, 0 = a + y*t - 354. List the prime factors of a.
2, 3, 61
Suppose 0 = -104*b + 93*b. Suppose -3*o + 27*v - 23*v = -1534, -4*o + v + 2028 = b. What are the prime factors of o?
2, 11, 23
Suppose -31*h + 237066 = 12936. List the prime factors of h.
2, 3, 5, 241
Let f(x) = -x**2 + 13*x + 56. Let v be f(16). Suppose 1392 = v*a - 280. What are the prime factors of a?
11, 19
Suppose 0 = -3*t + 4*k - 265, 2*k + 109 = -t + 4. Let s be (-4 - 315/(-4))*4. Let x = t + s. What are the prime factors of x?
2, 3, 17
Let i(g) = -g**3 - g**2 + g - 1. Let r(j) = -j**2 - 12*j - 10. Let b be r(-11). Let n be i(b). What are the prime factors of (4 + 555/(-10))*n?
103
Suppose r = q - 26900, 110*r + 28 = 114*r. What are the prime factors of q?
3, 8969
Let o = 25 - -87. Suppose -8*x = -o - 136. What are the prime factors of x?
31
Let w(p) = 26*p**2 - 32*p - 83. What are the prime factors of w(-12)?
5, 809
Suppose 13*f - 9836 - 85779 = 0. What are the prime factors of f?
5, 1471
Let y(a) = -1166*a + 12393. List the prime factors of y(-20).
71, 503
Let x(y) be the second derivative of -2*y**3/3 - 157*y**2/2 - 33*y. Let s(v) = v + 52. Let z(w) = 7*s(w) + 2*x(w). What are the prime factors of z(13)?
37
Suppose -22 = 4*i - 30. Let o(g) = 2*g**3 - 5*g**2 + 10*g - 2. Let b be o(i). Suppose 3480 = b*y - 160. What are the prime factors of y?
2, 5, 13
Suppose 7*y - 2*y - 10155 = -5*k, -3*k + 8122 = 4*y. List the prime factors of y.
2029
Let n = 53 + 60. Let a = 53 - n. Let m = 32 - a. What are the prime factors of m?
2, 23
Let v be (4/(1 - 15/17))/(-2). Let b(k) = -k**2 - 18*k - 11. What are the prime factors of b(v)?
2, 3
Let z(i) = 9*i**2 - 74*i - 278. List the prime factors of z(-25).
3, 2399
Let f(y) be the second derivative of y**4/12 + 5*y**3/6 - 15*y**2/2 - y. Suppose -28 = 4*z - 6*z + 4*u, -4*u = -3*z + 38. List the prime factors of f(z).
3, 5
Let z = 34 + -11. Suppose 8*d - z*d + 12345 = 0. What are the prime factors of d?
823
What are the prime factors of ((-9)/(-6))/((-63)/(-15792))?
2, 47
Let y(q) = 5*q + 3454. Let c be y(0). Suppose 5*p + 2*o = c, o - 5*o + 3458 = 5*p. Suppose 0*v + 10*v = p. List the prime factors of v.
3, 23
Let x(i) = -i**2 - 15*i - 21. Let t be x(-17). Let f = t + 55. What are the prime factors of (18/12)/(2/8 - f)?
2, 3
Suppose 4*s + 3*r - 24 = 0, 8*r - 12 = -2*s + 4*r. Suppose 2*w - s*p - 1557 = -3*p, -p + 3107 = 4*w. List the prime factors of w.
3, 7, 37
Let i = 53 + -127. Let v = -66 - i. Suppose 2*l - v*l = -480. What are the prime factors of l?
2, 5
Suppose z - 2123 = -5*c, 0 = 4*z - 17*c + 18*c - 8530. List the prime factors of z.
3, 79
Suppose -12*x + 5*t - 43002 = -21*x, 0 = -2*x + t + 9556. What are the prime factors of x?
2, 2389
Let z = -1376 - -3961. Suppose z + 5743 = 24*n. List the prime factors of n.
347
Suppose -f = 2*a + 195, -5*a - 490 = -25*f + 30*f. Let x = -207 - -342. Let o = a + x. What are the prime factors of o?
2, 19
Let i(t) = -222*t + 848. What are the prime factors of i(-63)?
2, 7417
Let d = 254 - 93. What are the prime factors of d?
7, 23
List the prime factors of (48078/(-135)*6)/((-2)/10).
2, 2671
Let i(t) = 2*t**2 + 23*t + 67. Let z be i(-15). Suppose 9*c - 10*c + z = 0. What are the prime factors of c?
2, 43
Let n = -832 + 7629. What are the prime factors of n?
7, 971
Suppose 2*f - d - 7686 = 8948, -3*f = 4*d - 24940. What are the prime factors of f?
2, 3, 7, 11
Let c = -113 + 191. List the prime factors of c.
2, 3, 13
Let g = 18850 + 2557. What are the prime factors of g?
21407
Let j = 6 + 34. Suppose -35*t + j*t + 2070 = 0. Let d = 584 + t. What are the prime factors of d?
2, 5, 17
Let y = 275 - 307. Let f = y - -677. What are the prime factors of f?
3, 5, 43
Let c = 9350 - 69. What are the prime factors of c?
9281
Let c(u) be the first derivative of 66*u**2 - u - 1. Let w = 772 + -771. What are the prime factors of c(w)?
131
Suppose 4*o + 0*o - 52 = 0. Suppose -78 = -5*q - o. Suppose j - q = 4*f, -j - 2*j - 4*f = -87. List the prime factors of j.
5
Suppose -3*k - 556 = k + 2*c, -2*k - 274 = 2*c. Suppose 0 = -5*y - 2*z - 105, -64*z + 28 = -2*y - 62*z. Let p = y - k. What are the prime factors of p?
2, 61
Let w be (-27)/6*(-8)/12. Suppose 2*k + 11 = -w. List the prime factors of -9*1/(1/k).
3, 7
Let y(z) = z**3 + 27*z**2 - 64*z + 95. Let g be y(-29). Let l = 1124 - g. List the prime factors of l.
3, 5, 19
Let b(s) = -70 + 207 - 96 + 177*s - 72. List the prime factors of b(5).
2, 7, 61
Let x(v) = 33*v**2 + 9*v + 17 + 2 - 32*v**2. Let g be x(-6). What are the prime factors of (3183/12 - g) + 4/(-16)?
2, 3, 11
What are the prime factors of 77658/(-28)*-16 + 11?
7, 17, 373
Let h = 895 - 900. Let y(g) = -78*g - 154. List the prime factors of y(h).
2, 59
Let g(l) = -8*l - 25. Let r be g(-8). Let y = -7 - -26. Let n = y + r. What are the prime factors of n?
2, 29
Let i be ((-25)/10)/(25/(-20)). Suppose -o + 3*h + 436 = 6*h, i*o - 897 = -h. What are the prime factors of o?
11, 41
Suppose 3*p - 2648 = -p + 2*v, -2*v